 remainder when i is divided by 5 - 2 - (-5)/(-5)?
1
Let v(z) = z**2 + 4*z - 2. Let y be v(-6). Let b = y - -3. Let n(o) = -o**3 - 11*o**2 + 10*o - 16. Calculate the remainder when b is divided by n(-12).
5
Suppose a - 7 = p, -6*a - p + 5 = -a. Suppose a*i - 12 = 2. Calculate the remainder when i is divided by 4.
3
Let p be (4/(-3))/((-3)/9). Suppose 0*j + 4 = p*j. What is the remainder when 1 is divided by j?
0
Let f = 4 + -1. Suppose -20 = -q - f*q. Suppose q*d - 48 = 2. Calculate the remainder when d is divided by 4.
2
Let a = -5 + 5. Let g be (a - -1)/((-1)/(-3)). Suppose 0 = -5*h - 4*z + 92 - 21, -3*z = -g*h + 48. What is the remainder when 43 is divided by h?
13
Calculate the remainder when 203 is divided by (-67)/(-2) - 9/(-18).
33
What is the remainder when 27 is divided by (-56)/2*(-1)/4?
6
Let j(v) = 3*v + 2. Let s be j(4). Suppose 5 = -5*n, -2*n = -3*g - 0*n + s. What is the remainder when g is divided by 4?
0
Calculate the remainder when -2*(-2)/4*85 is divided by 22.
19
Let h = -18 + 29. Let m = h - -25. Suppose 0 = 4*l - 8 - m. What is the remainder when 31 is divided by l?
9
Let l(z) = z**3 - 8*z**2 - 8*z + 9. Suppose 0 + 10 = g. Let t be l(g). Let v = -71 + t. Calculate the remainder when v is divided by 20.
18
Let r = -175 + 193. Calculate the remainder when r is divided by 12.
6
Let x = 65 + -51. What is the remainder when x is divided by 8?
6
Let q(v) = -v**3 - 6*v**2 + 9*v - 10. Let p be q(-7). Suppose 0*m - 4*s - 24 = -4*m, -m + 3*s + 12 = 0. Calculate the remainder when m is divided by 2/8 - 42/p.
1
Suppose 78 = 16*p - 10*p. What is the remainder when p is divided by 3?
1
Let q = -13 + 18. Let s = q - -6. Let w(j) = 2*j**2 + 3. Calculate the remainder when w(3) is divided by s.
10
Let t(d) = -24*d**3 - 2*d**2 - d - 1. Calculate the remainder when 65 is divided by t(-1).
21
Let v(n) = -5*n**3 + n**2 + 3*n + 5. Calculate the remainder when v(-2) is divided by 11.
10
Let t(l) be the second derivative of -l**3/6 + 7*l**2/2 + 2*l. Calculate the remainder when 19 is divided by t(0).
5
Let m(j) = j**3 - 4 - j**2 - 6 + 2*j - 6*j**2. Let u be m(7). Suppose -u*d - 4*r = -9*d + 95, -5*d = -3*r - 95. Calculate the remainder when 55 is divided by d.
17
Let b(n) = -11*n + 19. What is the remainder when b(-4) is divided by 11?
8
Calculate the remainder when 62 - ((-4)/(-2) - (-18)/9) is divided by 10.
8
Suppose 0 = -2*p - 5*s - 10, -s = 3*p - 0*s - 11. Suppose 4*i = -j + 18, 3*i + 5*j + 7 = 29. Let y = p - i. Calculate the remainder when 2 is divided by y.
0
Suppose t = -4*o + 4, -3 = -4*t + 2*o - 5*o. Let q = t + 0. Suppose q*g = 5*g + 3*w - 129, -4*g + 93 = -w. What is the remainder when g is divided by 13?
11
Let y(j) = j**2 - 6. What is the remainder when y(-5) is divided by ((-2)/(-5))/(18/315)?
5
Let x = 15 - -19. Let z = x - 2. What is the remainder when z is divided by 1 + (16 - (0 + 0))?
15
What is the remainder when 411/7*1 - 2/(-7) is divided by 16?
11
Let w = 43 + -30. What is the remainder when 48 is divided by w?
9
Let w(g) = -g**2 + 26*g. What is the remainder when w(25) is divided by 3?
1
Suppose 5*z - 45 = 4*c, -4*z - 3*c + 36 = -0. Let v = -20 - -36. Calculate the remainder when v is divided by z.
7
Suppose 4*a + 26 = 2*g, -4*g + 27 = 2*a - 5. What is the remainder when g is divided by (-20)/6*(-21)/14?
4
Let z(j) = j**2 - 3*j - 4. Let b be 12/30 + 58/5. Let m = b + -6. What is the remainder when z(m) is divided by 4?
2
Suppose 12 = 2*i + 2*g, 0 = i + 3*g - 1 - 11. Suppose -2*p + i*p - 48 = 0. Calculate the remainder when p is divided by 25.
23
What is the remainder when 13/65 - 228/(-10) is divided by 13?
10
Suppose 0 = -2*h - 0 + 6. Suppose -h*x = -6*x + 42. Calculate the remainder when 27 is divided by x.
13
Let u = 31 + 3. Calculate the remainder when 135 is divided by u.
33
Let z be -1*1 + 21/1. Suppose 2*t - 3*t + z = 0. Suppose a - 3*a + 2*k + 72 = 0, 4*a - 147 = 3*k. Calculate the remainder when a is divided by t.
19
Suppose 5*q + 68 = 9*q. Suppose -3*l + 57 = -0*l. Let i = l - 10. Calculate the remainder when q is divided by i.
8
Let v = -16 - -15. What is the remainder when -1*(-3 + v) + 41 is divided by 8?
5
Suppose 0 = -2*p + 5*d + 45, -2*p - 2*d + 69 = d. Suppose -5*k + 2*o + 54 = 4*o, -2*o - p = -2*k. What is the remainder when k is divided by 7?
5
Suppose -p + 7 = p + f, -p + 9 = -5*f. Calculate the remainder when 8 is divided by -2*1 - (-9 + p).
2
Suppose -5*n + 3*c - 6*c - 2 = 0, -5*c - 30 = -5*n. Suppose -1 - 2 = -3*f. What is the remainder when n is divided by f?
0
Let o = -17 + 22. What is the remainder when 11 is divided by o?
1
Suppose 3*h - 23 = -2. What is the remainder when (-2)/(-9) - (-2 + 194/(-18)) is divided by h?
6
Suppose -3*v = -t - 4 - 0, 5*t = -3*v + 34. Suppose a + v*a = 48. What is the remainder when 46 is divided by a?
10
Suppose 4*r = -3*a - a + 16, 0 = r. Suppose 5*j - 30 = 2*m - a*m, 0 = -4*j. Calculate the remainder when 44 is divided by m.
14
Let z(j) = j**2 + 7*j + 5. Let k be z(-6). Let a(y) = -15*y**3 + y**2 + 2*y + 1. What is the remainder when 27 is divided by a(k)?
12
Let u(n) = -n**2 + 5*n - 2. Let f be u(3). Suppose 3*i + 12 = 3*q, -5*q - f*i = -0*q - 56. What is the remainder when 30 is divided by q?
6
Suppose -3*t + 10 = -5. Suppose -3*n + r = -r + 386, 0 = t*r - 5. What is the remainder when 65 is divided by n/(-6) + 6/9?
21
Let p(a) = a**3 + 9*a**2 + a + 9. Let o be p(-9). Suppose o = -4*w + 6*w + 5*k - 31, k = 3*w - 38. What is the remainder when w is divided by 7?
6
Let j(o) = -2*o - 1. Calculate the remainder when 9 is divided by j(-2).
0
Let o(l) = l**3 + 4*l**2 - 6*l. Let v be o(-5). Suppose 0*k = -v*k + 25. Calculate the remainder when 2/(-1) - (-1 + -10) is divided by k.
4
Suppose -o - 2*j = -26, -2*o - 4*j = -5*j - 27. Suppose -3*b + 138 = -2*f, 5*b - 230 = -f - 3*f. What is the remainder when b is divided by o?
14
Suppose -60 = -7*y + 4*y. Suppose a - 4*i = -3, -i = 2*a + 9 - 21. Suppose a*j - 4*j = 7. What is the remainder when y is divided by j?
6
Let k be (-4)/3*6/4. Let v be (-2)/(-6)*0 - k. Suppose -v*x - 2*t + 21 = -17, 32 = 2*x - t. What is the remainder when x is divided by 10?
7
Suppose w = -2*w. Suppose w - 10 = 5*x. What is the remainder when 10 is divided by x + 12/3 + 2?
2
Let t(k) = -k + 1. Let r be t(-10). Suppose 3*y = -r - 7. Calculate the remainder when 36 is divided by y/(-24) + 150/8.
17
Let j(d) = -19*d**3 - d - 1. Suppose 543 = 4*n + 3*y, 2*y - 435 = -3*n - 28. Let i = 191 - n. Calculate the remainder when i is divided by j(-1).
18
Suppose 6 = 3*u - 4*u - 2*m, -4*m - 24 = -u. What is the remainder when 13 is divided by u?
1
Suppose -3*q = -q - 38. Calculate the remainder when q is divided by 5.
4
Let m = 37 + -15. What is the remainder when 43 is divided by m?
21
Let y = 271 + -136. What is the remainder when y is divided by 34?
33
Let u(l) = -l**3 + 4*l**2 + l - 2. Let x be u(4). Suppose 27 = x*v - 3*p + 4*p, -p = v - 13. What is the remainder when 26 is divided by v?
12
Suppose 3*f - 12 = -6. Suppose -5*a = -5*c - 95, 0 = -3*a - 2*c + 6*c + 61. What is the remainder when a is divided by f?
1
Suppose 0*n - 5*h = 2*n - 51, -67 = -4*n - 3*h. Let s = 20 - n. Calculate the remainder when 12 is divided by s.
5
Calculate the remainder when 104 is divided by (-2 + 56)*(-2)/(-4).
23
Suppose 0*q - t - 12 = -4*q, 0 = -5*q + 3*t + 22. What is the remainder when 13 is divided by (-1 + q)*5 - 1?
1
Suppose -2*d + d + 15 = 0. Suppose -3*w = 4*v - 6*w - 161, -4*v + 4*w + 156 = 0. What is the remainder when v is divided by d?
14
Let t(h) = 27*h**2 - 2*h + 1. Let g be t(1). Suppose 0*p = p - g. Let x(l) = 2*l**2 + 7*l + 5. What is the remainder when p is divided by x(-4)?
8
Suppose 2*f - 3*f = -7. Let r = f - -4. What is the remainder when 21 is divided by r?
10
Suppose -16*n = -13*n - 159. What is the remainder when n is divided by 8?
5
Suppose 0 = -5*p, 3*a - p = p + 69. Calculate the remainder when a is divided by 13.
10
Suppose 0 = 3*u + 31 - 178. Suppose 0 = 3*l - 62 + 11. Calculate the remainder when u is divided by l.
15
Let h(s) = -2*s**2 + s + 4. Let j be h(-4). Let p = -19 - j. What is the remainder when 50 is divided by p?
11
Let d = -7 + 10. What is the remainder when 2 is divided by (-4)/(d/(-6)*4)?
0
Let z(k) be the second derivativ